{"id":10,"date":"2020-10-19T17:23:38","date_gmt":"2020-10-19T17:23:38","guid":{"rendered":"https:\/\/nr-kollund.dk\/?page_id=10"},"modified":"2023-01-26T11:02:42","modified_gmt":"2023-01-26T10:02:42","slug":"forsamlingshuset","status":"publish","type":"page","link":"https:\/\/nr-kollund.dk\/index.php\/forsamlingshuset\/","title":{"rendered":"Forsamlingshuset"},"content":{"rendered":"\n<h3 class=\"wp-block-heading\">Kollund forsamlingshus<\/h3>\n\n\n\n<p>Form\u00e5let med Kollund Forsamlingshus er at have et samlingssted for beboerne i Kollund og omegn til kulturelle og selskabelige arrangementer.<\/p>\n\n\n\n<p>Kollund Forsamlingshus og Borgerforenings bestyrelse samt forskellige arbejdsudvalg, afvikler en lang r\u00e6kke arrangementer i l\u00f8bet af \u00e5ret, hvor alle omr\u00e5dets beboere inviteres til at deltage. L\u00e6s mere om arrangementer under &#8216;Arrangementer&#8217;.<\/p>\n\n\n\n<p>Derudover udlejes forsamlingshusets sal til private fester. Vedr. udlejning kan udlejeren kontaktes via tlf. 4059 8375. Se regler for leje af forsamlingshuset&nbsp;her:<\/p>\n\n\n\n<div class=\"wp-block-file\"><a id=\"wp-block-file--media-90a9b982-9078-4066-949c-7f581379b08e\" href=\"https:\/\/nr-kollund.dk\/wp-content\/uploads\/2023\/01\/Lejeaftale-standard-per-24012023.odt\" target=\"_blank\" rel=\"noreferrer noopener\">Lejeaftale-standard-per-24012023<\/a><\/div>\n\n\n\n<figure class=\"wp-block-image size-large\"><img loading=\"lazy\" decoding=\"async\" width=\"1024\" height=\"768\" src=\"https:\/\/nr-kollund.dk\/wp-content\/uploads\/2020\/10\/IMG_5811-1024x768.jpeg\" alt=\"\" class=\"wp-image-227\" srcset=\"https:\/\/nr-kollund.dk\/wp-content\/uploads\/2020\/10\/IMG_5811-1024x768.jpeg 1024w, https:\/\/nr-kollund.dk\/wp-content\/uploads\/2020\/10\/IMG_5811-300x225.jpeg 300w, https:\/\/nr-kollund.dk\/wp-content\/uploads\/2020\/10\/IMG_5811-768x576.jpeg 768w, https:\/\/nr-kollund.dk\/wp-content\/uploads\/2020\/10\/IMG_5811-1536x1152.jpeg 1536w, https:\/\/nr-kollund.dk\/wp-content\/uploads\/2020\/10\/IMG_5811-2048x1536.jpeg 2048w\" sizes=\"auto, (max-width: 1024px) 100vw, 1024px\" \/><\/figure>\n\n\n\n<h4 class=\"wp-block-heading\">Hvis er Kollund Forsamlingshus ?<\/h4>\n\n\n\n<p>Kollund Forsamlingshus indg\u00e5r i foreningen &#8220;Kollund Forsamlingshus og Borgerforening&#8221;. Alle husstande i lokalomr\u00e5det kan v\u00e6re medlem af foreningen. Medlemskabet koster 200 kr. pr. \u00e5r.<\/p>\n\n\n\n<p>Der afholdes generalforsamling hvert \u00e5r i januar\/februar m\u00e5ned.<\/p>\n\n\n\n<p>Indt\u00e6gterne fra kontingent, arrangementer og udlejning af salen er det \u00f8konomiske grundlag for driften af Kollund Forsamlingshus og af Borgerforeningen.<\/p>\n","protected":false},"excerpt":{"rendered":"<p>Kollund forsamlingshus Form\u00e5let med Kollund Forsamlingshus er at have et samlingssted for beboerne i Kollund og omegn til kulturelle og selskabelige arrangementer. Kollund Forsamlingshus og Borgerforenings bestyrelse samt forskellige arbejdsudvalg, afvikler en lang r\u00e6kke arrangementer i l\u00f8bet af \u00e5ret, hvor alle omr\u00e5dets beboere inviteres til at deltage. L\u00e6s mere om arrangementer under &#8216;Arrangementer&#8217;. Derudover udlejes [&hellip;]<\/p>\n","protected":false},"author":1,"featured_media":0,"parent":0,"menu_order":0,"comment_status":"closed","ping_status":"closed","template":"","meta":{"footnotes":""},"class_list":["post-10","page","type-page","status-publish","hentry"],"_links":{"self":[{"href":"https:\/\/nr-kollund.dk\/index.php\/wp-json\/wp\/v2\/pages\/10","targetHints":{"allow":["GET"]}}],"collection":[{"href":"https:\/\/nr-kollund.dk\/index.php\/wp-json\/wp\/v2\/pages"}],"about":[{"href":"https:\/\/nr-kollund.dk\/index.php\/wp-json\/wp\/v2\/types\/page"}],"author":[{"embeddable":true,"href":"https:\/\/nr-kollund.dk\/index.php\/wp-json\/wp\/v2\/users\/1"}],"replies":[{"embeddable":true,"href":"https:\/\/nr-kollund.dk\/index.php\/wp-json\/wp\/v2\/comments?post=10"}],"version-history":[{"count":12,"href":"https:\/\/nr-kollund.dk\/index.php\/wp-json\/wp\/v2\/pages\/10\/revisions"}],"predecessor-version":[{"id":639,"href":"https:\/\/nr-kollund.dk\/index.php\/wp-json\/wp\/v2\/pages\/10\/revisions\/639"}],"wp:attachment":[{"href":"https:\/\/nr-kollund.dk\/index.php\/wp-json\/wp\/v2\/media?parent=10"}],"curies":[{"name":"wp","href":"https:\/\/api.w.org\/{rel}","templated":true}]}}