{"id":28,"date":"2020-10-19T17:38:33","date_gmt":"2020-10-19T17:38:33","guid":{"rendered":"https:\/\/nr-kollund.dk\/?page_id=28"},"modified":"2021-01-14T15:30:47","modified_gmt":"2021-01-14T14:30:47","slug":"om-nr-kollund","status":"publish","type":"page","link":"https:\/\/nr-kollund.dk\/index.php\/om-nr-kollund\/","title":{"rendered":"Om Nr. Kollund"},"content":{"rendered":"\n<h3 class=\"wp-block-heading\">Lidt om Kollund<\/h3>\n\n\n\n<p>Kollund er en mindre landsby ca. 7 km. fra Herning. Der er omkring 200 beboere i Kollund by. Aktuel antal kan ses hos Bolius&nbsp;<a href=\"http:\/\/www.bolius.dk\/danmarkskort\/indbyggertal\/#\" target=\"_blank\" rel=\"noreferrer noopener\">her<\/a>. Kollund ligger i idylliske og landlige omgivelser med de muligheder dette giver. Kollunds placering p\u00e5 Danmarkskortet kan ses&nbsp;<a href=\"http:\/\/www.krak.dk\/query?mop=aq&amp;mapstate=6;9.036575129430915;56.100001673008684;s;9.003210347633874;56.11012068754499;9.069854225510486;56.08989120590353;618;354;-1;1&amp;mapcomp=;;;Kollund%20Byvej;;;7400;;;;;;9.036575129430915;56.100001673008684;0;0;Herning;Herning;maps_place_dk.76832.22;1&amp;what=map_adr&amp;searchInMap=1&amp;geo_area=kollund%20byvej,%207400&amp;stq=0&amp;pis=0\" target=\"_blank\" rel=\"noreferrer noopener\">her<\/a>. Der er med 3 km. til Lind ikke langt til indk\u00f8bsmuligheder, skole osv. I 2004 blev der etableret cykelsti mellem Kollund og Lind.<\/p>\n\n\n\n<p>I Kollund har vi foreningen &#8220;Kollund Forsamlingshus og Borgerforening&#8221;. I vores forsamlingshus er der \u00e5ret igennem en lang r\u00e6kke aktiviteter fra \u00e5bent hus arrangementer med f\u00e6llesspisning, sommerfest, julearrangement, nyt\u00e5rskalas til fastelavnsfest. Foreningen arbejder desuden med mange forskellige projekter, der er med til at forbedre byen og bymilj\u00f8et. Vi arbejder ogs\u00e5 med projekter der kan fremme vores omr\u00e5des interesser i Herning kommunes bevidsthed. Endelig samarbejder i i Landsbyerne Herning Syd, som er 9 landsbyer, der er g\u00e5et sammen om landsbyudvikling og andre aktiviteter.<\/p>\n\n\n\n<figure class=\"wp-block-image size-large\"><img loading=\"lazy\" decoding=\"async\" width=\"1024\" height=\"768\" src=\"https:\/\/nr-kollund.dk\/wp-content\/uploads\/2020\/10\/IMG_5810-1024x768.jpeg\" alt=\"\" class=\"wp-image-230\" srcset=\"https:\/\/nr-kollund.dk\/wp-content\/uploads\/2020\/10\/IMG_5810-1024x768.jpeg 1024w, https:\/\/nr-kollund.dk\/wp-content\/uploads\/2020\/10\/IMG_5810-300x225.jpeg 300w, https:\/\/nr-kollund.dk\/wp-content\/uploads\/2020\/10\/IMG_5810-768x576.jpeg 768w, https:\/\/nr-kollund.dk\/wp-content\/uploads\/2020\/10\/IMG_5810-1536x1152.jpeg 1536w, https:\/\/nr-kollund.dk\/wp-content\/uploads\/2020\/10\/IMG_5810-2048x1536.jpeg 2048w\" sizes=\"auto, (max-width: 1024px) 100vw, 1024px\" \/><\/figure>\n\n\n\n<h3 class=\"wp-block-heading\">Om byen og omegnen<\/h3>\n\n\n\n<p>I Kollund by er der en blanding af g\u00e5rde, \u00e6ldre og nyere huse samt enkelte virksomheder. Da der ikke l\u00e6ngere er dyrehold p\u00e5 de fleste af g\u00e5rdene, kan den friske luft nydes i fulde drag. I omegnen er der en varieret natur. Der er f.eks fredede egekrat og hegn, Kollund b\u00e6k der i 2002 er blevet renoveret og et mindre skovomr\u00e5de vest for Kollund.<\/p>\n\n\n\n<p>I forbindelse med forsamlingshuset findes der, for b\u00f8rn og barnlige sj\u00e6le, en legeplads. Samtidig er der en boldbane for de mere sportsinteresserede.<\/p>\n\n\n\n<h3 class=\"wp-block-heading\">Bevaringsv\u00e6rdige bygninger<\/h3>\n\n\n\n<p>Herning Byr\u00e5d har nedsat et udvalg til bygningsforbedring. Bygningsforbedringsudvalget kan give st\u00f8tte til bygningsforbedringer for ejendomme der er fra f\u00f8r 1940 i landsbyer og landdistrikter med op til 1000 indbyggere. Alle ejendomme i Herning kommune er delt op i 5 kategorier: fredede bygninger samt bygninger med h\u00f8j, mellem, lav eller ingen bevaringsv\u00e6rdighed. Som udgangspunkt er det kun ejendomme i de 3 f\u00f8rste kategorier der kan f\u00e5 st\u00f8tte. Men ejendomme med lav bevaringsv\u00e6rdighed kan ogs\u00e5 komme i betragtning. Sandsynligheden for st\u00f8tte er selvf\u00f8lgelig mindre end for ejendomme i de 3 f\u00f8rste kategorier. Vurderingen af hvilke ejendomme der er med i hvilke kategorier er lavet i 1990. Har man siden renoveret sin ejendom og mener at denne skal op i en h\u00f8jere kategori, er der mulighed for at f\u00e5 bygningsbevaringsudvalget til at lave en ny vurdering i forbindelse med en ans\u00f8gning.&nbsp;<\/p>\n\n\n\n<p>Herunder kan den beskrivelse der er lavet af Kollund i &#8220;Kommuneatlas Herning, Bevaringsv\u00e6rdier i byer og bygninger 1992&#8221; l\u00e6ses:<\/p>\n\n\n\n<p><em>Landsbyen Kollund, i dag ogs\u00e5 kaldet N\u00f8rre Kollund, ligger p\u00e5 kanten af bakke\u00f8en. Det opleves tydeligt fra den gamle skole syd for Kollund, hvorfra der er en storsl\u00e5et udsigt ud over Brandefladen mod Okkels.<\/em><\/p>\n\n\n\n<p><em>Et karakteristik s\u00e6rpr\u00e6g for Kollund er, at alle g\u00e5rdene er placeret \u00f8st for den letslyngede bygade med markerne bagved, skr\u00e5nende ned mod de lavere engarealer. Omkring byen danner jorddiger i skellene mellem g\u00e5rdenes marker et s\u00e6regent tr\u00e6k i omr\u00e5det. Digerne er egebeplantede, og giver egnen en natursk\u00f8nhed, der is\u00e6r kan opleves fra vejen til Lind \u00f8st for byen.<\/em><\/p>\n\n\n\n<p><em>Ved \u00e5bningen af jernbanen mellem Brande og Herning i 1914 blev Kollund en stationsby, og i denne periode blev andelsmejeriet, skolen samt flere mindre boliger opf\u00f8rt. Stationen og mejeriet blev indrettet til tricotagevirksomheder, da de oprindelige funktioner oph\u00f8rte.<\/em> Nu er mejeriet ombygget til catering.<\/p>\n\n\n\n<p><em>Stationsbygningerne er stort set bevarede i den originale nybarok stil, og har stor bevaringsv\u00e6rdighed.<\/em><\/p>\n\n\n\n<p><em>I et par af g\u00e5rdene i Kollund ses egnskarakteristik byggeskik fra midten af 1800-tallet.<\/em><\/p>\n\n\n\n<p>(Kilde: Kommuneatlas Herning, Bevaringsv\u00e6rdier i byer og bygninger 1992).<\/p>\n","protected":false},"excerpt":{"rendered":"<p>Lidt om Kollund Kollund er en mindre landsby ca. 7 km. fra Herning. Der er omkring 200 beboere i Kollund by. Aktuel antal kan ses hos Bolius&nbsp;her. Kollund ligger i idylliske og landlige omgivelser med de muligheder dette giver. Kollunds placering p\u00e5 Danmarkskortet kan ses&nbsp;her. Der er med 3 km. til Lind ikke langt til [&hellip;]<\/p>\n","protected":false},"author":1,"featured_media":0,"parent":0,"menu_order":0,"comment_status":"closed","ping_status":"closed","template":"","meta":{"footnotes":""},"class_list":["post-28","page","type-page","status-publish","hentry"],"_links":{"self":[{"href":"https:\/\/nr-kollund.dk\/index.php\/wp-json\/wp\/v2\/pages\/28","targetHints":{"allow":["GET"]}}],"collection":[{"href":"https:\/\/nr-kollund.dk\/index.php\/wp-json\/wp\/v2\/pages"}],"about":[{"href":"https:\/\/nr-kollund.dk\/index.php\/wp-json\/wp\/v2\/types\/page"}],"author":[{"embeddable":true,"href":"https:\/\/nr-kollund.dk\/index.php\/wp-json\/wp\/v2\/users\/1"}],"replies":[{"embeddable":true,"href":"https:\/\/nr-kollund.dk\/index.php\/wp-json\/wp\/v2\/comments?post=28"}],"version-history":[{"count":3,"href":"https:\/\/nr-kollund.dk\/index.php\/wp-json\/wp\/v2\/pages\/28\/revisions"}],"predecessor-version":[{"id":602,"href":"https:\/\/nr-kollund.dk\/index.php\/wp-json\/wp\/v2\/pages\/28\/revisions\/602"}],"wp:attachment":[{"href":"https:\/\/nr-kollund.dk\/index.php\/wp-json\/wp\/v2\/media?parent=28"}],"curies":[{"name":"wp","href":"https:\/\/api.w.org\/{rel}","templated":true}]}}