{"id":356,"date":"2020-10-20T10:10:55","date_gmt":"2020-10-20T09:10:55","guid":{"rendered":"https:\/\/nr-kollund.dk\/?page_id=356"},"modified":"2026-05-10T12:29:23","modified_gmt":"2026-05-10T10:29:23","slug":"aktiviteter","status":"publish","type":"page","link":"https:\/\/nr-kollund.dk\/index.php\/aktiviteter\/","title":{"rendered":"Aktiviteter"},"content":{"rendered":"\n<h4 class=\"wp-block-heading\">\u00c5bent hus<\/h4>\n\n\n\n<p>\u00c5bent hus eller ogs\u00e5 kaldet F\u00e6llesspisning er et arrangement der styres af et madhold. For tiden har vi et madhold og de arrangerer to f\u00e6llesspisninger i l\u00f8bet af \u00e5ret, typisk f\u00f8rste tirsdag i november og marts. Her m\u00f8des man et par timer til god mad og hygge med familie, venner, naboer og andre fra Kollund og omegn.<\/p>\n\n\n\n<h4 class=\"wp-block-heading\">Byfest<\/h4>\n\n\n\n<p>En traditionsrig og glad fest er den \u00e5rlige minibyfest. Denne fest arrangeres af et s\u00e6rligt udvalg, der v\u00e6lges hvert \u00e5r blandt omr\u00e5dets beboere. Princippet i udv\u00e6lgelsen er, at en del af de 5 par eller 10 personer i udvalget skal v\u00e6re nyligt tilflyttede. Baggrunden herfor er at give mulighed for at l\u00e6re andre at kende gennem en praktisk og konkret opgave. Det siddende udvalg har ansvaret for denne udv\u00e6lgelse, og resultatet bekendtg\u00f8res ved byfesten. Det er selvf\u00f8lgelig muligt at sige fra, men vi opfordrer til, at man tager imod valget. Det har ofte v\u00e6ret succesfuldt og til stor gl\u00e6de for alle parter.<\/p>\n\n\n\n<h4 class=\"wp-block-heading\">Julearrangement<\/h4>\n\n\n\n<p>Den 2. eller 3. s\u00f8ndag i advent arrangerer vi juletr\u00e6. Der er pyntet juletr\u00e6, men forinden har vi et optog med heste og borgere gennem byen, hvor vi slutter med mulighed for at f\u00e6lde\/k\u00f8be sit juletr\u00e6. Derefter m\u00f8des vi i Forsamlingshuset, hvor borgerforeningen inviterer til \u00e6bleskiver, gl\u00f6gg, sodavand mv. Der danses om juletr\u00e6et og b\u00f8rnene f\u00e5r deres godtepose. Vi \u00f8nsker hinanden en god jul<\/p>\n\n\n\n<h4 class=\"wp-block-heading\">Nyt\u00e5rskalas<\/h4>\n\n\n\n<p>Den 31. december kl. 11.00 m\u00f8des vi ved Forsamlingshuset, hvor foreningen byder p\u00e5 kransekage, bobler, sodavand og varme p\u00f8lser. Vi \u00f8nsker hinanden et Godt Nyt\u00e5r.<\/p>\n\n\n\n<h4 class=\"wp-block-heading\">Fastelavnsfest<\/h4>\n\n\n\n<p>Fastelavnss\u00f8ndag sl\u00e5r vi katten af t\u00f8nden. Dette foreg\u00e5r om formiddagen, hvor for\u00e6ldre og andre interesserede kan hygge sig med kaffe og fastelavnsboller samt b\u00f8rnene, n\u00e5r der er sl\u00e5et katten af t\u00f8nden.<\/p>\n\n\n\n<h4 class=\"wp-block-heading\">Sankt Hans<\/h4>\n\n\n\n<p>Midsommeren fejrer vi Sankt Hans Aften med hyggeligt samv\u00e6r i eller uden for huset afh\u00e6ngig af sommervejret. En gl\u00f8dende grill st\u00e5r til fri afbenyttelse og den sidste p\u00f8lse er endnu ikke svedet inden vi br\u00e6nder Sankt Hans b\u00e5let af.<\/p>\n","protected":false},"excerpt":{"rendered":"<p>\u00c5bent hus \u00c5bent hus eller ogs\u00e5 kaldet F\u00e6llesspisning er et arrangement der styres af et madhold. For tiden har vi et madhold og de arrangerer to f\u00e6llesspisninger i l\u00f8bet af \u00e5ret, typisk f\u00f8rste tirsdag i november og marts. Her m\u00f8des man et par timer til god mad og hygge med familie, venner, naboer og andre [&hellip;]<\/p>\n","protected":false},"author":1,"featured_media":0,"parent":0,"menu_order":0,"comment_status":"closed","ping_status":"closed","template":"","meta":{"footnotes":""},"class_list":["post-356","page","type-page","status-publish","hentry"],"_links":{"self":[{"href":"https:\/\/nr-kollund.dk\/index.php\/wp-json\/wp\/v2\/pages\/356","targetHints":{"allow":["GET"]}}],"collection":[{"href":"https:\/\/nr-kollund.dk\/index.php\/wp-json\/wp\/v2\/pages"}],"about":[{"href":"https:\/\/nr-kollund.dk\/index.php\/wp-json\/wp\/v2\/types\/page"}],"author":[{"embeddable":true,"href":"https:\/\/nr-kollund.dk\/index.php\/wp-json\/wp\/v2\/users\/1"}],"replies":[{"embeddable":true,"href":"https:\/\/nr-kollund.dk\/index.php\/wp-json\/wp\/v2\/comments?post=356"}],"version-history":[{"count":4,"href":"https:\/\/nr-kollund.dk\/index.php\/wp-json\/wp\/v2\/pages\/356\/revisions"}],"predecessor-version":[{"id":698,"href":"https:\/\/nr-kollund.dk\/index.php\/wp-json\/wp\/v2\/pages\/356\/revisions\/698"}],"wp:attachment":[{"href":"https:\/\/nr-kollund.dk\/index.php\/wp-json\/wp\/v2\/media?parent=356"}],"curies":[{"name":"wp","href":"https:\/\/api.w.org\/{rel}","templated":true}]}}