{"id":362,"date":"2020-10-20T10:20:02","date_gmt":"2020-10-20T09:20:02","guid":{"rendered":"https:\/\/nr-kollund.dk\/?page_id=362"},"modified":"2020-10-20T10:20:02","modified_gmt":"2020-10-20T09:20:02","slug":"lokale-links","status":"publish","type":"page","link":"https:\/\/nr-kollund.dk\/index.php\/lokale-links\/","title":{"rendered":"Lokale links"},"content":{"rendered":"\n<p><a href=\"http:\/\/www.fdflind.dk\/\">FDF Lind<\/a><\/p>\n\n\n\n<p><a href=\"http:\/\/www.rindsogn.dk\/\">Rind-Kollund og K\u00f8lk\u00e6r Sogne<\/a><\/p>\n\n\n\n<p>Lokale nyheder, arrangementer, links, <a href=\"http:\/\/www.aoh.dk\/\">AOH.dk<\/a><\/p>\n\n\n\n<p><a href=\"http:\/\/www.klg-haandbold.dk\/\">H\u00e5ndbold i Kollund &#8211; Lind (KLG)<\/a><\/p>\n\n\n\n<p><a href=\"http:\/\/www.klg-gymnastik.dk\/\">Gymnastik i Kollund &#8211; Lind (KLG)<\/a><\/p>\n\n\n\n<p><a href=\"http:\/\/www.klg-tennis.dk\/\">Tennis i Kollund &#8211; Lind (KLG)<\/a><\/p>\n\n\n\n<p><a href=\"http:\/\/www.lindsf.dk\/\">Lind Skytteforening<\/a><\/p>\n\n\n\n<p><a href=\"http:\/\/www.lind-skole.dk\/\">Lind Skole<\/a><\/p>\n\n\n\n<p><a href=\"http:\/\/www.lindborger.dk\/9579\/Kildevang\">Kildevang<\/a> i Lind er et sted, hvor efterl\u00f8nsmodtagere, pensionister og alle over 60 \u00e5r i Lind, H\u00f8gild,\u00a0<strong>Kollund<\/strong>, Arnborg, K\u00f8lk\u00e6r og Fasterholt m\u00f8des til forskellige aktiviteter.<\/p>\n","protected":false},"excerpt":{"rendered":"<p>FDF Lind Rind-Kollund og K\u00f8lk\u00e6r Sogne Lokale nyheder, arrangementer, links, AOH.dk H\u00e5ndbold i Kollund &#8211; Lind (KLG) Gymnastik i Kollund &#8211; Lind (KLG) Tennis i Kollund &#8211; Lind (KLG) Lind Skytteforening Lind Skole Kildevang i Lind er et sted, hvor efterl\u00f8nsmodtagere, pensionister og alle over 60 \u00e5r i Lind, H\u00f8gild,\u00a0Kollund, Arnborg, K\u00f8lk\u00e6r og Fasterholt m\u00f8des [&hellip;]<\/p>\n","protected":false},"author":1,"featured_media":0,"parent":0,"menu_order":0,"comment_status":"closed","ping_status":"closed","template":"","meta":{"footnotes":""},"class_list":["post-362","page","type-page","status-publish","hentry"],"_links":{"self":[{"href":"https:\/\/nr-kollund.dk\/index.php\/wp-json\/wp\/v2\/pages\/362","targetHints":{"allow":["GET"]}}],"collection":[{"href":"https:\/\/nr-kollund.dk\/index.php\/wp-json\/wp\/v2\/pages"}],"about":[{"href":"https:\/\/nr-kollund.dk\/index.php\/wp-json\/wp\/v2\/types\/page"}],"author":[{"embeddable":true,"href":"https:\/\/nr-kollund.dk\/index.php\/wp-json\/wp\/v2\/users\/1"}],"replies":[{"embeddable":true,"href":"https:\/\/nr-kollund.dk\/index.php\/wp-json\/wp\/v2\/comments?post=362"}],"version-history":[{"count":2,"href":"https:\/\/nr-kollund.dk\/index.php\/wp-json\/wp\/v2\/pages\/362\/revisions"}],"predecessor-version":[{"id":364,"href":"https:\/\/nr-kollund.dk\/index.php\/wp-json\/wp\/v2\/pages\/362\/revisions\/364"}],"wp:attachment":[{"href":"https:\/\/nr-kollund.dk\/index.php\/wp-json\/wp\/v2\/media?parent=362"}],"curies":[{"name":"wp","href":"https:\/\/api.w.org\/{rel}","templated":true}]}}