{"id":5,"date":"2020-10-19T17:18:31","date_gmt":"2020-10-19T17:18:31","guid":{"rendered":"https:\/\/nr-kollund.dk\/?page_id=5"},"modified":"2025-07-22T12:42:29","modified_gmt":"2025-07-22T10:42:29","slug":"velkommen-til-landsbyen-nr-kollunds-hjemmeside","status":"publish","type":"page","link":"https:\/\/nr-kollund.dk\/","title":{"rendered":"Velkommen til landsbyen Kollunds hjemmeside"},"content":{"rendered":"\n<p>Du er p\u00e5 landsbyen Kollunds hjemmeside. Denne hjemmeside skal prim\u00e6rt anvendes til at holde alle lokale beboere orienteret om aktuelle forhold i og omkring vores lille landsby. Men hvis du er p\u00e5 udkig efter et ny og sp\u00e6ndende sted at bo, s\u00e5 er du ogs\u00e5 velkommen.<\/p>\n\n\n\n<p>P\u00e5 hjemmesiden finder du information om<br>&#8211; aktuelle nyheder fra Kollund Forsamlingshus og Borgerforening<br>&#8211; nyt fra forsamlingshuset<br>&#8211; udlejningsbetingelser for forsamlingshuset<br>&#8211; programmer for kommende begivenheder i forsamlingshuset<br>&#8211; kort over omr\u00e5det&nbsp;<br>&#8211; fortegnelse over bevaringsv\u00e6rdige bygning i omr\u00e5det&nbsp;<br>&#8211; der findes ogs\u00e5 landskabsm\u00e6ssige og historiske beretninger<br>&#8211; links til lokalplaner for omr\u00e5det<br>&#8211; links til andre lokale foreninger<\/p>\n\n\n\n<p>De enkelt omr\u00e5der vil l\u00f8bede blive udbygget. &#8211; god forn\u00f8jelse og vi h\u00e5ber du finde det du leder efter. Har du sp\u00f8rgsm\u00e5l eller kommentarer s\u00e5 henvend dig til Kollund Forsamlingshus og Borgerforening, telefonnumrene kan du se under linket &#8216;<a href=\"https:\/\/nr-kollund.dk\/index.php\/foreningen\/\" data-type=\"page\" data-id=\"22\">Foreningen<\/a>&#8216;.<\/p>\n\n\n\n<figure class=\"wp-block-image size-large\"><img loading=\"lazy\" decoding=\"async\" width=\"2272\" height=\"1279\" src=\"https:\/\/nr-kollund.dk\/wp-content\/uploads\/2020\/10\/Screenshot-2020-10-20-at-12.45.13-edited.png\" alt=\"\" class=\"wp-image-368\" srcset=\"https:\/\/nr-kollund.dk\/wp-content\/uploads\/2020\/10\/Screenshot-2020-10-20-at-12.45.13-edited.png 2272w, https:\/\/nr-kollund.dk\/wp-content\/uploads\/2020\/10\/Screenshot-2020-10-20-at-12.45.13-edited-300x169.png 300w, https:\/\/nr-kollund.dk\/wp-content\/uploads\/2020\/10\/Screenshot-2020-10-20-at-12.45.13-edited-1024x576.png 1024w, https:\/\/nr-kollund.dk\/wp-content\/uploads\/2020\/10\/Screenshot-2020-10-20-at-12.45.13-edited-768x432.png 768w, https:\/\/nr-kollund.dk\/wp-content\/uploads\/2020\/10\/Screenshot-2020-10-20-at-12.45.13-edited-1536x865.png 1536w, https:\/\/nr-kollund.dk\/wp-content\/uploads\/2020\/10\/Screenshot-2020-10-20-at-12.45.13-edited-2048x1153.png 2048w\" sizes=\"auto, (max-width: 2272px) 100vw, 2272px\" \/><\/figure>\n\n\n\n<p><\/p>\n","protected":false},"excerpt":{"rendered":"<p>Du er p\u00e5 landsbyen Kollunds hjemmeside. Denne hjemmeside skal prim\u00e6rt anvendes til at holde alle lokale beboere orienteret om aktuelle forhold i og omkring vores lille landsby. Men hvis du er p\u00e5 udkig efter et ny og sp\u00e6ndende sted at bo, s\u00e5 er du ogs\u00e5 velkommen. P\u00e5 hjemmesiden finder du information om&#8211; aktuelle nyheder fra [&hellip;]<\/p>\n","protected":false},"author":1,"featured_media":583,"parent":0,"menu_order":0,"comment_status":"closed","ping_status":"closed","template":"","meta":{"footnotes":""},"class_list":["post-5","page","type-page","status-publish","has-post-thumbnail","hentry"],"_links":{"self":[{"href":"https:\/\/nr-kollund.dk\/index.php\/wp-json\/wp\/v2\/pages\/5","targetHints":{"allow":["GET"]}}],"collection":[{"href":"https:\/\/nr-kollund.dk\/index.php\/wp-json\/wp\/v2\/pages"}],"about":[{"href":"https:\/\/nr-kollund.dk\/index.php\/wp-json\/wp\/v2\/types\/page"}],"author":[{"embeddable":true,"href":"https:\/\/nr-kollund.dk\/index.php\/wp-json\/wp\/v2\/users\/1"}],"replies":[{"embeddable":true,"href":"https:\/\/nr-kollund.dk\/index.php\/wp-json\/wp\/v2\/comments?post=5"}],"version-history":[{"count":11,"href":"https:\/\/nr-kollund.dk\/index.php\/wp-json\/wp\/v2\/pages\/5\/revisions"}],"predecessor-version":[{"id":674,"href":"https:\/\/nr-kollund.dk\/index.php\/wp-json\/wp\/v2\/pages\/5\/revisions\/674"}],"wp:featuredmedia":[{"embeddable":true,"href":"https:\/\/nr-kollund.dk\/index.php\/wp-json\/wp\/v2\/media\/583"}],"wp:attachment":[{"href":"https:\/\/nr-kollund.dk\/index.php\/wp-json\/wp\/v2\/media?parent=5"}],"curies":[{"name":"wp","href":"https:\/\/api.w.org\/{rel}","templated":true}]}}